{"id":33,"date":"2020-07-28T12:30:46","date_gmt":"2020-07-28T12:30:46","guid":{"rendered":"http:\/\/revistafamilia.ro\/?page_id=33"},"modified":"2025-09-30T17:29:37","modified_gmt":"2025-09-30T14:29:37","slug":"redactia","status":"publish","type":"page","link":"https:\/\/revistafamilia.ro\/?page_id=33","title":{"rendered":"Redac\u021bia"},"content":{"rendered":"\n<h4 class=\"wp-block-heading has-text-align-center\">Colegiul de redac\u021bie:<\/h4>\n\n\n\n<p class=\"has-text-align-center\"><strong>Mircea PRIC\u0102JAN<\/strong><br><strong>Miron BETEG<\/strong><br><strong>MIH\u00d3K Tam\u00e1s<\/strong><\/p>\n\n\n\n<h4 class=\"wp-block-heading has-text-align-center\">Redactori asocia\u021bi: <\/h4>\n\n\n\n<p class=\"has-text-align-center\"><strong>Alexandru SERES<\/strong>, <strong>Dan-Liviu BOERIU<\/strong>, <strong>Aurel CHIRIAC<\/strong>, <strong>Marius MIHE\u021a,<\/strong> <strong>Iulian BOCAI<\/strong><\/p>\n\n\n\n<h4 class=\"wp-block-heading has-text-align-center\">Colaboratori permanen\u021bi:<\/h4>\n\n\n\n<p class=\"has-text-align-center\"><strong>Al. Cistelecan, Irina-Roxana Georgescu, Magda Danciu, Alex Moldovan, Marius Chivu,<\/strong><br><strong>Adrian Gagiu, Andreea Pop, Andrei Zb\u00eernea, Camelia Bu\u0219u<\/strong><\/p>\n\n\n\n<h4 class=\"wp-block-heading has-text-align-center\">Colaboratori externi:<\/h4>\n\n\n\n<p class=\"has-text-align-center\"> <strong>Dan Roma\u0219canu<\/strong> (Israel), <strong>Moni St\u0103nil\u0103<\/strong> (Republica Moldova), <strong>Denisa Cr\u0103ciun<\/strong> (Fran\u021ba)<\/p>\n","protected":false},"excerpt":{"rendered":"<p>Colegiul de redac\u021bie: Mircea PRIC\u0102JANMiron BETEGMIH\u00d3K Tam\u00e1s Redactori asocia\u021bi: Alexandru SERES, Dan-Liviu BOERIU, Aurel CHIRIAC, Marius MIHE\u021a, Iulian BOCAI Colaboratori permanen\u021bi: Al. Cistelecan, Irina-Roxana Georgescu, Magda Danciu, Alex Moldovan, Marius Chivu,Adrian Gagiu, Andreea Pop, Andrei Zb\u00eernea, Camelia Bu\u0219u Colaboratori externi: Dan Roma\u0219canu (Israel), Moni St\u0103nil\u0103 (Republica Moldova), Denisa Cr\u0103ciun (Fran\u021ba)<\/p>\n","protected":false},"author":2,"featured_media":0,"parent":0,"menu_order":0,"comment_status":"closed","ping_status":"closed","template":"","meta":{"footnotes":""},"coauthors":[1278],"class_list":["post-33","page","type-page","status-publish","hentry"],"jetpack_sharing_enabled":true,"_links":{"self":[{"href":"https:\/\/revistafamilia.ro\/index.php?rest_route=\/wp\/v2\/pages\/33","targetHints":{"allow":["GET"]}}],"collection":[{"href":"https:\/\/revistafamilia.ro\/index.php?rest_route=\/wp\/v2\/pages"}],"about":[{"href":"https:\/\/revistafamilia.ro\/index.php?rest_route=\/wp\/v2\/types\/page"}],"author":[{"embeddable":true,"href":"https:\/\/revistafamilia.ro\/index.php?rest_route=\/wp\/v2\/users\/2"}],"replies":[{"embeddable":true,"href":"https:\/\/revistafamilia.ro\/index.php?rest_route=%2Fwp%2Fv2%2Fcomments&post=33"}],"version-history":[{"count":20,"href":"https:\/\/revistafamilia.ro\/index.php?rest_route=\/wp\/v2\/pages\/33\/revisions"}],"predecessor-version":[{"id":13800,"href":"https:\/\/revistafamilia.ro\/index.php?rest_route=\/wp\/v2\/pages\/33\/revisions\/13800"}],"wp:attachment":[{"href":"https:\/\/revistafamilia.ro\/index.php?rest_route=%2Fwp%2Fv2%2Fmedia&parent=33"}],"wp:term":[{"taxonomy":"author","embeddable":true,"href":"https:\/\/revistafamilia.ro\/index.php?rest_route=%2Fwp%2Fv2%2Fcoauthors&post=33"}],"curies":[{"name":"wp","href":"https:\/\/api.w.org\/{rel}","templated":true}]}}