{"id":152,"date":"2020-12-20T20:48:07","date_gmt":"2020-12-20T17:48:07","guid":{"rendered":"https:\/\/revistafamilia.ro\/?page_id=152"},"modified":"2021-02-21T17:40:01","modified_gmt":"2021-02-21T14:40:01","slug":"reviste-care-ne-vin-la-redactie","status":"publish","type":"page","link":"https:\/\/revistafamilia.ro\/?page_id=152","title":{"rendered":"Reviste care ne vin la redac\u021bie"},"content":{"rendered":"\n<p>\u25cf&nbsp; <em>Acas\u0103<\/em> (Bucure\u015fti), <em>Acolada <\/em>(Satu Mare), <em>Apostrof<\/em> (Cluj-Napoca), <em>Ap\u015fa<\/em> (Ap\u015fa de Jos, Ucraina),<em>&nbsp; Ardealul literar<\/em> (Hunedoara), <em>Arca<\/em> (Arad), <em>Arge\u015f<\/em> (Pite\u015fti), <em>Astra <\/em>(Bra\u015fov), <em>Ateneu<\/em> (Bac\u0103u), <em>Axioma <\/em>(Ploie\u015fti),&nbsp;<\/p>\n\n\n\n<p>\u25cf <em>Baadul literar<\/em> (B\u00e2rlad), <em>Banat<\/em> (Lugoj), <em>Bucovina literar\u0103<\/em> (Suceava), <em>Bucure\u015ftiul literar \u015fi artistic<\/em> (Bucure\u015fti)<\/p>\n\n\n\n<p>\u25cf <em>Cafeneaua literar\u0103<\/em> (Pite\u015fti), <em>Caiete Silvane<\/em> (Zal\u0103u), <em>Caietele Oradiei<\/em>, <em>Calendarul Maramure\u015fului<\/em> (Baia Mare), <em>Calende<\/em> (Pite\u015fti), <em>Conta<\/em> (Piatra Neam\u0163), <em>Contemporanul. Ideea European\u0103<\/em> (Bucure\u015fti), <em>Convie\u0163uirea<\/em> (Seghedin \u2013 Ungaria), <em>Convorbiri literare<\/em> (Ia\u015fi), C<em>orpul T<\/em> (Bra\u015fov),<em> Cronica<\/em> (Ia\u015fi), <em>Cronica veche<\/em> (Ia\u015fi), <em>Cultura <\/em>(Bucure\u015fti), <em>Cultura cre\u015ftin\u0103<\/em> (Blaj),&nbsp;<\/p>\n\n\n\n<p>\u25cf <em>Dacia literar\u0103<\/em> (Ia\u015fi), <em>Discobolul<\/em> (Alba Iulia), <em>Drama <\/em>(Bucure\u015fti)<\/p>\n\n\n\n<p>\u25cf <em>Echinox <\/em>(Cluj-Napoca), <em>Euphorion <\/em>(Sibiu), <em>Ex Ponto <\/em>(Constan\u0163a),&nbsp;<\/p>\n\n\n\n<p>\u25cf <em>Familia<\/em> (Petrovas\u00e2la-Vladimirova\u0163, Serbia), <em>Familia noastr\u0103<\/em> (Baia Mare),&nbsp; <em>Ferestre<\/em> (Mizil), <em>Foaia rom\u00e2neasc\u0103 <\/em>(Giula, Ungaria),&nbsp;<\/p>\n\n\n\n<p>\u25cf <em>Hyperion<\/em> (Boto\u015fani),&nbsp;<\/p>\n\n\n\n<p>\u25cf <em>Impact cultural <\/em>(T\u00e2rgovi\u015fte)<\/p>\n\n\n\n<p>\u25cf <em>Litere<\/em> (T\u00e2rgovi\u015fte), <em>Lumina<\/em> (Pancevo, Serbia),&nbsp;<\/p>\n\n\n\n<p>\u25cf <em>Memoria ethnologica<\/em> (Baia Mare), <em>Mi\u015fcarea literar\u0103<\/em> (Bistri\u0163a), <em>Mozaicul<\/em> (Craiova),&nbsp;<\/p>\n\n\n\n<p>\u25cf <em>Neuma<\/em> (Cluj-Napoca), Nord<em> Literar<\/em> (Baia Mare),&nbsp;<\/p>\n\n\n\n<p>\u25cf <em>Oglinzi paralele<\/em> (N\u0103dlac), <em>Orient latin<\/em> (Timi\u015foara), <em>Orizont<\/em> (Timi\u015foara),&nbsp;<\/p>\n\n\n\n<p>\u25cf <em>Plumb<\/em> (Bac\u0103u), <em>Poarta S\u0103rutului <\/em>(Ploie\u015fti), <em>Poesis<\/em> (Satu Mare), <em>Poezia <\/em>(Ia\u015fi), <em>Porto-Franco<\/em> (Gala\u0163i), <em>Pro Saeculum<\/em> (Foc\u015fani),&nbsp;<\/p>\n\n\n\n<p>\u25cf <em>Ramuri <\/em>(Craiova), <em>Reflex <\/em>(Re\u015fi\u0163a), <em>Rena\u015fterea<\/em> (Cluj-Napoca), <em>Revista Nou\u0103<\/em> (C\u00e2mpina), <em>Revista rom\u00e2n\u0103<\/em> (Ia\u015fi),&nbsp;<\/p>\n\n\n\n<p>\u25cf <em>Salonul literar<\/em> (Foc\u015fani), <em>Scrisul rom\u00e2nesc<\/em> (Craiova),&nbsp;<em> Secolul <\/em>21 (Bucure\u015fti), <em>Singur <\/em>(T\u00e2rgovi\u015fte), <em>Spiritul critic<\/em> (Pa\u015fcani), <em>Steaua<\/em> (Cluj-Napoca), <em>Studii de \u015etiin\u0163\u0103 \u015fi Cultur\u0103<\/em> (Arad), <em>Suflet de dasc\u0103l<\/em> (Comlo\u015fu Mare), <em>Suflet nou<\/em> (Comlo\u015fu Mare). <em>Suplimentul de cultur\u0103<\/em> (Ia\u015fi),&nbsp;<\/p>\n\n\n\n<p>\u25cf <em>Telegraful<\/em> <em>Rom\u00e2n<\/em> (Sibiu), <em>Tibiscus<\/em> (Uzdin, Serbia), <em>Timpul<\/em> (Ia\u015fi), <em>Tomis<\/em> (Constan\u0163a), <em>Transilvania<\/em> (Sibiu), <em>Tribuna<\/em> (Cluj-Napoca), <em>Trivium<\/em> (Bucure\u015fti),&nbsp;<\/p>\n\n\n\n<p>\u25cf <em>Vatra <\/em>(T\u00e2rgu Mure\u015f), <em>Vatra veche<\/em> (T\u00e2rgu Mure\u015f), <em>Verso <\/em>(Cluj-Napoca),&nbsp; <em>Via\u0163a Rom\u00e2neasc\u0103<\/em> (Bucure\u015fti),&nbsp;<\/p>\n","protected":false},"excerpt":{"rendered":"<p>\u25cf&nbsp; Acas\u0103 (Bucure\u015fti), Acolada (Satu Mare), Apostrof (Cluj-Napoca), Ap\u015fa (Ap\u015fa de Jos, Ucraina),&nbsp; Ardealul literar (Hunedoara), Arca (Arad), Arge\u015f (Pite\u015fti), Astra (Bra\u015fov), Ateneu (Bac\u0103u), Axioma (Ploie\u015fti),&nbsp; \u25cf Baadul literar (B\u00e2rlad), Banat (Lugoj), Bucovina literar\u0103 (Suceava), Bucure\u015ftiul literar \u015fi artistic (Bucure\u015fti) \u25cf Cafeneaua literar\u0103 (Pite\u015fti), Caiete Silvane (Zal\u0103u), Caietele Oradiei, Calendarul Maramure\u015fului (Baia Mare), Calende (Pite\u015fti), Conta (Piatra Neam\u0163), Contemporanul. Ideea European\u0103 (Bucure\u015fti), Convie\u0163uirea (Seghedin \u2013 Ungaria), Convorbiri literare (Ia\u015fi), Corpul T (Bra\u015fov), Cronica (Ia\u015fi), Cronica veche (Ia\u015fi), Cultura (Bucure\u015fti), Cultura cre\u015ftin\u0103 (Blaj),&nbsp; \u25cf Dacia literar\u0103 (Ia\u015fi), Discobolul (Alba Iulia), Drama (Bucure\u015fti) \u25cf Echinox (Cluj-Napoca), Euphorion (Sibiu), Ex Ponto (Constan\u0163a),&nbsp; \u25cf<\/p>\n","protected":false},"author":2,"featured_media":0,"parent":0,"menu_order":0,"comment_status":"closed","ping_status":"closed","template":"","meta":{"footnotes":""},"coauthors":[],"class_list":["post-152","page","type-page","status-publish","hentry"],"jetpack_sharing_enabled":true,"_links":{"self":[{"href":"https:\/\/revistafamilia.ro\/index.php?rest_route=\/wp\/v2\/pages\/152","targetHints":{"allow":["GET"]}}],"collection":[{"href":"https:\/\/revistafamilia.ro\/index.php?rest_route=\/wp\/v2\/pages"}],"about":[{"href":"https:\/\/revistafamilia.ro\/index.php?rest_route=\/wp\/v2\/types\/page"}],"author":[{"embeddable":true,"href":"https:\/\/revistafamilia.ro\/index.php?rest_route=\/wp\/v2\/users\/2"}],"replies":[{"embeddable":true,"href":"https:\/\/revistafamilia.ro\/index.php?rest_route=%2Fwp%2Fv2%2Fcomments&post=152"}],"version-history":[{"count":1,"href":"https:\/\/revistafamilia.ro\/index.php?rest_route=\/wp\/v2\/pages\/152\/revisions"}],"predecessor-version":[{"id":153,"href":"https:\/\/revistafamilia.ro\/index.php?rest_route=\/wp\/v2\/pages\/152\/revisions\/153"}],"wp:attachment":[{"href":"https:\/\/revistafamilia.ro\/index.php?rest_route=%2Fwp%2Fv2%2Fmedia&parent=152"}],"wp:term":[{"taxonomy":"author","embeddable":true,"href":"https:\/\/revistafamilia.ro\/index.php?rest_route=%2Fwp%2Fv2%2Fcoauthors&post=152"}],"curies":[{"name":"wp","href":"https:\/\/api.w.org\/{rel}","templated":true}]}}